*t, w*o - 5*t - 31 = 0. List the prime factors of o.
2
Suppose -b + 7 = -4*z, 7*b = 3*b + 5*z + 17. Suppose -71 = -3*n - 26. Suppose 0 = -2*h + b*h - n. What are the prime factors of h?
3, 5
Let b be -16*((-18)/4 - 1). Suppose -3*j + 3*p - 7 = -b, -4*p - 8 = 0. Let m = 37 - j. List the prime factors of m.
2, 3
Let c(p) = p**2 + 6*p + 6. Let m be c(-5). Suppose -k = 2*d + m, -k - 6 = d - 4. Let h(t) = t**2 - t - 2. List the prime factors of h(k).
2, 5
Let c(k) = k**2 - 10*k - 7. What are the prime factors of c(14)?
7
Let t = -100 + 186. List the prime factors of t.
2, 43
Suppose 2*u = u + 25. What are the prime factors of u?
5
What are the prime factors of (-44)/((1 - 5) + 2)?
2, 11
What are the prime factors of (307 + -1)/(-20 + 22)?
3, 17
Let t = -96 - -170. What are the prime factors of t?
2, 37
Let t be 8/5*5/2. Suppose 5*n = 2*f - t*f + 521, n + 3*f - 99 = 0. Suppose -i = -x + 2*i + 25, -5*x + n = 5*i. List the prime factors of x.
2, 11
Let h(u) = u**3 - 2*u**2 + u + 1. Let w be h(2). Let t(r) = r + 3. Let m be t(w). Suppose 0 = s - 3*v - m, -2*s = -3*s - 4*v - 1. List the prime factors of s.
3
Suppose -4*p - 27 = -2*z + 15, 4*z + 2*p - 64 = 0. Let b(v) = -z*v**2 + 18 - v**3 + 4 - v + 16*v**2. List the prime factors of b(0).
2, 11
List the prime factors of (53 - 0)*10/5.
2, 53
Suppose b + 2 = 2*b. Let l = b + -4. What are the prime factors of (3/l)/(4/(-8))?
3
Let k(p) = 21*p - 19. What are the prime factors of k(6)?
107
Let h = 107 + -76. Suppose 0*r + 80 = -4*r. Let j = r + h. What are the prime factors of j?
11
Let f(n) = 4*n**2 + 5*n + 4. Let o be f(-2). Let q = o + 26. List the prime factors of q.
2, 3
Suppose -5*s - 5*t + 45 = 0, -s + 0*t = -4*t - 29. Let o = -5 - -3. Let p = s + o. List the prime factors of p.
11
Let p(r) = r**2 + 6*r + 2. List the prime factors of p(-7).
3
Suppose -2 + 6 = k. Suppose 0*v + 2*v + k = 0, -w + 4 = -4*v. List the prime factors of (-61)/(-9) - w/18.
7
Let m = -31 + 114. What are the prime factors of m?
83
Suppose -73 - 23 = -4*o. Suppose -2*s + o = -4. List the prime factors of s.
2, 7
Suppose -2*s = -3 - 1. Suppose 2*q + 4 - 6 = 0. Let o = s + q. List the prime factors of o.
3
Suppose 2*c - 4 = y, -y - c - 2*c = 24. Let d = y + 20. What are the prime factors of d?
2
Let y(c) = c**2 + 9*c. Let z be y(-11). Let b = -4 + z. List the prime factors of b.
2, 3
Let i(z) = 51*z**3 - 2*z**2 + 2*z - 1. Let w be 7 - 5 - 1/1. List the prime factors of i(w).
2, 5
Let k(h) = -h**3 - 3*h**2 - 2*h - 1. Let n be k(-1). Let u be (n/(-3))/(2/54). Suppose -g + u = -j + 23, 3*j - 27 = -2*g. List the prime factors of j.
11
Let n(k) = 2*k**2 + 14*k. List the prime factors of n(-9).
2, 3
List the prime factors of (-8)/(-24) + (-155)/(-3).
2, 13
Suppose s = -s - k + 589, -4*s = -3*k - 1193. What are the prime factors of s?
2, 37
Let x(y) = -y + 5. Let l(d) = -d**3 + 3*d**2 - d + 1. Let k be l(2). Suppose -3*z + 3 = -k*t, -2*z + 17 = -5*t - z. What are the prime factors of x(t)?
3
Let y be 19 + (-3)/(-6)*-2. Suppose 2*r - 4*n - 4 = -16, -5*n + y = -r. What are the prime factors of r?
2
Let y(t) = -t**3 + 11*t**2 - 7*t - 14. List the prime factors of y(10).
2
List the prime factors of (-9 - -8)/(1/(-211)).
211
Let h(d) = -3*d - 2 + 1 + 0 + 0. Let a be h(-1). Let z(n) = 2*n**2 - 2. What are the prime factors of z(a)?
2, 3
Let q(b) = b**2 + 4*b + 1. Let v be q(-5). Suppose -2*p + 0*p = v. List the prime factors of (p/(-9))/(1/30).
2, 5
Let z(w) = -w**2 - 10*w - 2. Let g = -1 - 7. Let n be z(g). Let q = n - 9. What are the prime factors of q?
5
Let w(q) = -q - 4. Let z(g) = -g - 3. Let y(l) = -4*w(l) + 5*z(l). Let r be y(-3). Suppose 0 = r*m + m - 10. List the prime factors of m.
2
Let n(f) = 3*f**3 + 3*f**2 - f - 2. Let z be n(-2). Let q = 21 + z. List the prime factors of q.
3
Suppose -5*b = -14 - 101. What are the prime factors of b?
23
Let a(g) = 2*g**2 - 3*g - 1. Let n be a(3). Let d(z) = -z**3 + 8*z**2 + 2*z. List the prime factors of d(n).
2
Suppose 5*c = -3*g + 43, -2*c + 15 = g - 3. What are the prime factors of c?
11
Let h(v) = v**3 + 8*v**2 + 7*v + 3. Let r be (-9)/(-2)*(2 + -4). Let l be (21/9)/(3/r). List the prime factors of h(l).
3
Let x(p) = 2*p + 8. Let y be x(-4). Suppose -3*q + y*q = 3*z - 84, 3*z + 4*q - 80 = 0. List the prime factors of z.
2
Suppose -2*o + 192 = 2*f + 2*f, -258 = -5*f + 2*o. Let k = f + -30. Suppose -5*d + 0*b + 2*b = -k, -3*b = -3*d + 21. List the prime factors of d.
2
Let p(d) = -2*d - 5. List the prime factors of p(-8).
11
Let i = 144 + -78. List the prime factors of i.
2, 3, 11
Suppose 0*q = 5*q + 165. Let u = q + 49. List the prime factors of u.
2
Let i(n) = 7*n**2 + 4*n + 3. Let g be i(-2). Let o = g - 13. Let j = o - -1. List the prime factors of j.
11
Suppose 2 = -5*c - 18. List the prime factors of (-1)/c + (-855)/(-36).
2, 3
Let l(z) = 3*z**3 - 11*z**2 - 9*z - 12. Let x(i) = -i**3 + i**2 + 1. Let c(v) = -l(v) - 4*x(v). Let y be c(-6). Let w = -5 - y. List the prime factors of w.
5
Suppose 0*q + 10*q = 1510. What are the prime factors of q?
151
Let h = 8 + -4. Suppose v - 28 = -4*s, 2*v + 12 = h*s - 4. Suppose 0 = -s*l + 3*l + 6. What are the prime factors of l?
2
Suppose -m - 87 = -3*n + 2*m, 116 = 4*n + 2*m. What are the prime factors of n?
29
Suppose 80 = -5*r + v, 2*v = -3*r + r - 44. Let a = 3 - r. What are the prime factors of a?
2, 5
Let y = -8 - -23. What are the prime factors of y?
3, 5
Let x(q) be the second derivative of q**4/3 + q**2/2 + 2*q. What are the prime factors of x(1)?
5
List the prime factors of (-3 + 169)/((-1)/(-1)).
2, 83
Suppose z = 5*z + 20. Let v = 11 - z. List the prime factors of v.
2
List the prime factors of (-2)/9 + (-3188)/(-9) - -4.
2, 179
Let p = -10 - -21. Let x(c) = -c**2 - 6*c - 6. Let b be x(-4). Suppose -b*f = -3*f + p. List the prime factors of f.
11
Let n = -5 - -8. Let s be -3*(-26)/9*n. Let y = 39 - s. What are the prime factors of y?
13
Let c(y) = y**2 - y. Let b be c(0). Let m = b + 16. List the prime factors of m.
2
Let f be (1/(-2))/((-6)/132). Let y = -7 + f. List the prime factors of y.
2
Let k(n) = n**2 - 6*n - 1. Let z(d) = 3*d. Let l(f) = 3*k(f) + 5*z(f). What are the prime factors of l(-2)?
3, 5
Let d(f) = f**2 + 5*f + 5. Let i be d(5). Suppose 40 = 5*x - i. List the prime factors of x.
19
Let k be (-250)/(-8) + 2/(-8). Suppose 5*f = -1 + k. What are the prime factors of f?
2, 3
Let w(t) = -t + 5. Let a be w(8). Let v = 3 + a. Suppose j = -v*j + 7. What are the prime factors of j?
7
Let j = 152 - -8. List the prime factors of j.
2, 5
Let m be (-3 + 1)*32/(-8). Let h = -1 + 1. Let d = m - h. What are the prime factors of d?
2
Let i(f) = 45*f**2 + 1. Let b be i(2). Suppose 2*q + 5*u + b = 6*q, -4*u - 98 = -2*q. What are the prime factors of q?
3, 13
Let f(h) = h**2 + 7*h + 2. Let d be f(-8). List the prime factors of (66/12)/(1/d).
5, 11
Let c(z) = 4*z**3 - z. Let r be c(-1). Let p = r - -2. Let n(j) = 4*j**2 - 2*j - 1. What are the prime factors of n(p)?
5
Let t be 9/(-3) + 0 + 2. Let a be 2*(t + 0)*-1. Suppose 0 = -2*q - 2*s + 18, q + 15 = a*q - s. List the prime factors of q.
2, 3
Suppose -5*z - 95 = 2*q - 331, -5*z = q - 233. What are the prime factors of z?
2, 23
Suppose -b - 4*m = 4*b - 9, -36 = -4*b + 4*m. Suppose 0 = b*s - 41 + 16. List the prime factors of s.
5
Let g = -34 + 41. What are the prime factors of g?
7
Suppose -z = 5*z - 438. List the prime factors of z.
73
Let h be 165/9 + 3/(-9). Let r = -11 + h. Let z = r - 4. What are the prime factors of z?
3
Let r(i) = i - 8. Let g be r(8). List the prime factors of 0 - -9 - (g + 3).
2, 3
Let m(l) = l**2 + 15*l - 16. Let q be m(-16). Suppose q*v = -5*v + 50. What are the prime factors of v?
2, 5
Let t(w) be the second derivative of w**5/20 + w**4/2 + w**3/3 + w**2 + w. Let l be t(-6). Let y = l - -31. What are the prime factors of y?
3, 7
Let m(r) = -2*r**3 - 11*r**2 - 27*r - 6. What are the prime factors of m(-5)?
2, 13
List the prime factors of (0 - (1 + 0))/(50/(-1450)).
29
Suppose -23*g = -6*g - 6273. List the prime factors of g.
3, 41
Let q be 4/((-2)/(-3) - 1). Let f be 6/27*-3*12. Let h = f - q. What are the prime factors of h?
2
Suppose 51*f - 48*f = 216. List the prime factors of f.
2, 3
Suppose 9*i - 812 = 2*i. What are the prime factors of i?
2, 29
Let t = 36